be (8/2)/((-6)/(-21)). Let o be h/4 + (-2)/4. Suppose -o*l = f - 12 - 11, 0 = -4*l - 4*f + 28. What is the units digit of l?
8
Suppose 8*l = 3*l + 840. Suppose -h + 5*h = l. What is the tens digit of h?
4
Let k(f) = -7*f - 27. What is the tens digit of k(-6)?
1
Let n(v) = -v**3 + 5*v**2 + 4*v + 1. Let x be n(5). Let q = x - 13. What is the units digit of q?
8
What is the tens digit of (2 - 5) + (-104)/(-8)?
1
Suppose 0*o = 4*o - 24. Suppose -o = -t + 2. What is the units digit of t?
8
What is the tens digit of (-2)/(-11) - (-757)/11?
6
Suppose 5*f + h = 2*f - 3, -2 = 2*f - 5*h. Let s be (f + (-10)/(-8))*4. What is the units digit of ((-4)/(-1))/(2/s)?
2
Let k be ((-2)/(-5))/((-9)/45). Let x(c) = -4*c + 3. What is the tens digit of x(k)?
1
Suppose -189 + 9 = -2*q - 4*d, 408 = 4*q - 4*d. What is the tens digit of q?
9
What is the units digit of 262/12 - (-2)/12?
2
Let s(w) = -w**2 + 5*w. Let c be s(4). Suppose -3 + c = -o. What is the units digit of -2*2*(o - 0)?
4
Let s = 142 + 87. What is the hundreds digit of s?
2
Let b be 41 - (1 + (-3 - -1)). Suppose -2*i = i - b. What is the units digit of i?
4
What is the units digit of 630/8 - ((-30)/(-8) + -4)?
9
Let u(f) = f**2 - 8. Let h be u(-8). Let s = -37 + h. What is the units digit of s?
9
Let q(s) = s**3 - 11*s**2 + 14*s - 7. What is the units digit of q(10)?
3
Let d = 3 + -1. Suppose 0 = 2*w + n - 40, 0*n = -5*n + 20. Suppose -43 = -3*c + 2*k, -d*c = k - w - 13. What is the units digit of c?
5
Let j be (((-12)/(-3))/2)/2. Let u = j + 5. What is the units digit of ((-3)/u)/((-1)/18)?
9
Suppose 4 = 3*b - 2. Let m be 2 + 1*(0 + b). Suppose 3*n = -4*l - 9, -5*n + m*l = 7*l + 4. What is the units digit of n?
1
Let k(g) = 14*g - 4. Let s be k(5). Suppose b - 2*n - 18 - 6 = 0, 4*b = 2*n + s. What is the tens digit of b?
1
Let w = -7 + 10. Let x(r) = r**2 + 2*r + 2. Let t be x(-1). What is the units digit of t + -6 + 3 + w?
1
Let l be (-4 + 0)/(-2) - -1. Suppose -3*i - i = -2*m - 50, 2*i = -l*m + 45. What is the units digit of i?
5
Suppose 0*f + f = -6. Let i = f + 3. What is the units digit of (-20)/i - (-4)/(-6)?
6
Let g(h) = -7*h**3 - 4*h**2 - h - 8. Let l(s) = -3*s**3 - 2*s**2 - 4. Let b(z) = -4*g(z) + 9*l(z). What is the tens digit of b(3)?
1
Suppose -16 - 47 = 5*y - 3*n, 2*y - 4*n = -14. Let i = 44 + y. What is the units digit of i?
9
Suppose 8 = -v + 5*v. Suppose -20 = -6*q + v*q. What is the units digit of q?
5
Let w(k) = -4*k**2 - 9*k - 16. Let q be w(-8). Let l = 23 - 9. What is the tens digit of (-2)/7 - q/l?
1
What is the hundreds digit of 4/14 - (-5)/35*859?
1
Suppose 3*j = 4*i - 97, j + 4*j + 37 = i. What is the tens digit of i/33 + 62/6?
1
Let u = 13 + -8. Let s = 10 - u. What is the units digit of s?
5
Let x(c) = -c + 2. Let n(z) = 2*z - 6. Let t be n(4). Let d be ((-3)/2)/(t/8). What is the units digit of x(d)?
8
What is the units digit of (-14)/(-4)*41/14*8?
2
Let l(o) = 5*o + 2. Let m = 7 - 3. Let p be l(m). Let f = p + -10. What is the units digit of f?
2
Let x(r) = 11*r - 2. Let y be x(2). What is the units digit of y - (-3 + 2 + 1)?
0
Suppose 0 = -3*v - 0*t + 5*t + 8, -3*v - 4*t = 1. Suppose 3*x = -v + 4. What is the units digit of x/((-3)/((-144)/3))?
6
Let w(m) = -m**3 + 6*m**2 - 5*m. Let n be 1/2 + (-7)/(-2). What is the tens digit of w(n)?
1
Let x = 136 - 60. What is the units digit of x?
6
Suppose -5*j = -9*j + 4. What is the units digit of j?
1
Suppose 3*z = z + 100. Suppose 0 = 2*t - 5*t - 4*q + 37, 4*t = -5*q + z. What is the tens digit of t?
1
Suppose 0 = 3*f + o - 12, 2*f - f - 5*o - 4 = 0. Suppose 4*j - 20 = f. What is the units digit of j?
6
Suppose -21 - 27 = -4*v. Suppose 0*z = 2*z - v. Let t(a) = a**2 - 4*a - 3. What is the units digit of t(z)?
9
Let i(m) = m**2 - 6*m + 2. Let j(s) = s**2 - 7*s + 2. Let x(p) = 5*i(p) - 4*j(p). What is the tens digit of x(-3)?
1
Let f = 14 - -113. What is the tens digit of f?
2
Suppose -10 = -0*l - 2*l. Suppose -4*f - 3*n + 73 = 0, 2*f + 3*n = n + 38. Let z = f - l. What is the tens digit of z?
1
Let d(f) = f**2 + 14 - 22*f + 22*f. What is the units digit of d(0)?
4
Let g be (-333)/(-15) - (-2)/(-10). Suppose -48 - g = -5*x. What is the units digit of x?
4
Let h be 1/(1/(2/2)). Let u(f) = 14*f**3 + f**2 - f + 1. What is the tens digit of u(h)?
1
Let y = -6 - -24. What is the units digit of y?
8
Suppose -2*u + 4*u + 2 = 0. Suppose 3*s = -s + 24. Let d = s - u. What is the units digit of d?
7
Let p be ((-62)/6)/(3/81). Let r = 467 + p. What is the tens digit of 2/8 + r/16?
1
Let c(m) = -2*m**3 - 6*m**2 + 1. Let g(h) = 5*h**3 + 13*h**2 - 2. Let k(b) = -7*c(b) - 3*g(b). Let o be k(2). What is the units digit of ((-8)/3)/(-4)*o?
2
Let g be 11 - (-3 + 0 + 6). Let k(t) = -7*t + 4 - 3 + 2 + t**2. What is the tens digit of k(g)?
1
Let n = 42 + -28. Suppose 2*h = -2*h - 3*x - 3, -4*h - 4 = 4*x. Suppose h = 2*c + 2*l - 8, -4*c + n = -2*l - 26. What is the units digit of c?
8
Suppose -54 = -3*v + 5*k - 21, -4*k + 60 = 3*v. What is the units digit of v?
6
Let l be 0 + 1 - (0 - -2). Let p be (-2)/l + 10 + 0. Suppose 0 = 2*w + 5*x - 6, -2*w + 2*x + p = -w. What is the units digit of w?
8
Let c = 127 - 61. Let o = 11 + -15. What is the tens digit of (c/o)/((-9)/12)?
2
Suppose -2*r = 3*r + 3*k - 82, -5*k = -2*r + 8. What is the tens digit of r?
1
Let y(j) = j**2 - j - 4. What is the units digit of y(-5)?
6
Let z(q) = 29*q**2 + 1. Let r be -1 + 0*(-1)/(-2). What is the units digit of z(r)?
0
Let w = -18 + 37. What is the units digit of w?
9
Let t be (-60)/(-14) + 2/(-7). Suppose 5*u + 1 - 4 = -k, 2*u + 100 = t*k. What is the tens digit of k?
2
Suppose -3*l + 18 = -2*l. Suppose -o - 3*f + l = 0, -35 = -4*o - 5*f + 9. What is the units digit of o?
6
Suppose -134 = -4*l + 102. Let o = l - 30. What is the tens digit of o?
2
Let t(s) = s**2 + 4*s + 3. Let f be t(-5). Suppose 0 = o - u - 9 - f, -3*o = 4*u - 72. What is the units digit of o?
0
Let z(a) = a**2 + 7*a - 17. What is the units digit of z(-14)?
1
What is the units digit of ((-4)/(-12)*-338)/((-4)/6)?
9
Suppose -5*j + 150 + 10 = 0. What is the tens digit of j?
3
Let v(o) = -6*o**2 + 7*o + 9. Let u(w) = 4*w**2 - 5*w - 6. Let z(h) = 8*u(h) + 5*v(h). Let i = 4 + 0. What is the units digit of z(i)?
9
Suppose -u - 15 = 2*w, -2*u - 3*u + w - 86 = 0. Let l = -12 - u. What is the units digit of l?
5
Let w = -41 + 83. What is the units digit of w?
2
What is the units digit of -86*(3 - 28/8)?
3
Suppose 0 = -10*g + 5*g + 680. What is the units digit of g?
6
Let z = 4 - -1. Suppose -4*l + 5 = -3. Suppose -6*r + 2*r - 33 = -5*k, -z*k + l*r = -29. What is the units digit of k?
5
Suppose -2*j - 26 - 31 = -k, k - 52 = j. What is the tens digit of k?
4
Let r(w) = w**3 + 5*w**2 - 5*w - 4. Let a be r(-6). Let x = -6 - a. Suppose -x*g - 12 = -6*g. What is the units digit of g?
6
Suppose 4*f + 43 = 15. Let c = -1 - f. What is the units digit of c?
6
Suppose -4*a + 5*q + 10 = 2*q, -4*a + 2*q = -8. Let n be a/((2/22)/(-1)). Let b = -5 - n. What is the units digit of b?
6
Suppose k - 4 = 4*i - 29, 38 = 5*i + k. What is the units digit of i?
7
What is the tens digit of 9/21 + 554/14?
4
Suppose -3*i + 207 = i + x, 3*i + 3*x - 144 = 0. What is the units digit of i?
3
Let i(u) = u + 6. Let p be i(-6). Let c = 34 + p. What is the tens digit of c?
3
Let t(x) = 37*x + 16. What is the units digit of t(7)?
5
Suppose -5*q - 23 - 62 = 0. Let u = 53 - 29. Let t = u + q. What is the units digit of t?
7
Let k = -6 - -55. Let j = k + -35. What is the units digit of j?
4
Let b be (-10)/8 + 6/(-8). Let p be 24/(-16)*1*b. Suppose 48 = -0*m + p*m. What is the units digit of m?
6
What is the units digit of 4 + (-276)/(-18)*12?
8
Suppose -2*a = 2*a - 5*g - 21, 0 = -5*a - 3*g + 17. Suppose 5 = -a*j + 1. What is the units digit of (-3)/3*j*2?
2
What is the tens digit of (-18)/27 + (-124)/(-6)?
2
Suppose -30 = -4*z - 42. Let o(d) = 5*d**2 + 3. Let w(c) = -4*c**2 - c - 3. Let n(b) = -2*o(b) - 3*w(b). What is the units digit of n(z)?
2
What is the tens digit of 2/((-10)/15)*(-326)/6?
6
Let m be -1*(-1*7 - -2). Let v be ((-12)/m)/(3/(-15)). Suppose v = 3*g - g. What is the units digit of g?
6
Suppose 0 = -2*d + 33 + 5. What is the units digit of d?
9
Let g(y) be the second derivative of -y**5/20 - 5*y**4/12 - 2*y**3/3 + y**2/2 - 4*y. What is 